 -232344 (base 7) to base 5.
-2313212
Convert -54a9 (base 12) to base 2.
-10010010000001
323 (base 13) to base 10
536
Convert 1021211001 (base 3) to base 7.
133666
Convert -2113 (base 6) to base 13.
-2a9
-26 (base 7) to base 12
-18
What is 697a (base 11) in base 9?
13510
Convert -166 (base 9) to base 7.
-261
What is -110222112 (base 3) in base 11?
-7124
1026 (base 9) to base 13
45c
-1663 (base 9) to base 2
-10011111000
511 (base 9) to base 13
25c
10519 (base 12) to base 14
7b81
100000001111111 (base 2) to base 14
6035
-1313 (base 9) to base 8
-1730
-1203 (base 11) to base 7
-4411
Convert 3504 (base 7) to base 14.
674
What is 1d5 (base 14) in base 6?
1435
33434 (base 5) to base 6
14545
120200100 (base 3) to base 6
124530
1457 (base 8) to base 12
57b
What is 4233 (base 5) in base 4?
20320
Convert -b53 (base 15) to base 7.
-10305
-10b2b (base 13) to base 2
-111011011111001
-43240 (base 6) to base 8
-13450
Convert 19c (base 14) to base 11.
284
Convert 2230031 (base 5) to base 10.
39391
What is -2359 (base 13) in base 5?
-124400
Convert 14717 (base 8) to base 3.
100001201
What is -191 (base 13) in base 15?
-142
What is -5201 (base 6) in base 14?
-5c5
What is -1176 (base 10) in base 6?
-5240
Convert -55212 (base 6) to base 8.
-16730
-1141 (base 11) to base 5
-21442
What is -566 (base 8) in base 7?
-1043
-10100111010100 (base 2) to base 16
-29d4
-1a7 (base 13) to base 11
-259
Convert 85 (base 11) to base 10.
93
Convert 12522 (base 7) to base 12.
1b30
What is -31515 (base 7) in base 10?
-7803
Convert 1a4 (base 13) to base 11.
256
What is 1032 (base 16) in base 14?
1722
Convert -206125 (base 7) to base 10.
-35740
Convert 1100010100 (base 2) to base 4.
30110
Convert -77024 (base 10) to base 4.
-102303200
216165 (base 7) to base 3
1221100200
Convert -353353 (base 6) to base 13.
-10c08
-1864 (base 9) to base 6
-10351
What is 378 (base 13) in base 5?
4411
What is 1120 (base 14) in base 11?
2259
321222 (base 4) to base 8
7152
Convert 3130 (base 10) to base 9.
4257
Convert 3597 (base 12) to base 11.
4582
What is 71752 (base 8) in base 14?
ab58
Convert -101110000110111 (base 2) to base 7.
-125553
What is -461 (base 13) in base 12?
-52b
What is -27015 (base 9) in base 7?
-104114
What is 2134 (base 5) in base 3?
101220
-4210 (base 8) to base 11
-1706
What is 101001011000 (base 2) in base 4?
221120
-11100210 (base 3) to base 6
-22420
What is 11054 (base 7) in base 9?
3732
Convert -103012 (base 8) to base 2.
-1000011000001010
Convert -6338 (base 12) to base 15.
-332e
What is -10101 (base 2) in base 8?
-25
What is -112404 (base 5) in base 11?
-30a1
What is -b518 (base 12) in base 2?
-100110100100100
25 (base 14) to base 11
30
What is -50ba (base 15) in base 5?
-1021200
What is -14323 (base 7) in base 9?
-5354
What is -100101 (base 4) in base 11?
-867
-17131 (base 8) to base 13
-36c8
1110101001000101 (base 2) to base 13
213b4
What is -950 (base 14) in base 4?
-130222
Convert 3b04 (base 13) to base 3.
102121010
-6389 (base 14) to base 6
-211301
Convert -5795 (base 10) to base 16.
-16a3
Convert 33 (base 14) to base 13.
36
Convert -79c (base 15) to base 4.
-122322
What is 11100010111111 (base 2) in base 16?
38bf
75dd (base 14) to base 9
30857
75 (base 9) to base 14
4c
Convert 245 (base 8) to base 16.
a5
What is 222222 (base 3) in base 16?
2d8
What is 40131 (base 5) in base 11?
1a00
Convert -569 (base 12) to base 5.
-11201
-2b5 (base 12) to base 16
-1a9
Convert -322 (base 9) to base 11.
-21a
-3410 (base 6) to base 10
-798
Convert 25777 (base 8) to base 16.
2bff
What is -229 (base 12) in base 10?
-321
What is -111112221 (base 3) in base 13?
-4660
Convert -5cb7 (base 15) to base 8.
-46443
What is 34e (base 16) in base 13?
501
-2408 (base 12) to base 2
-111111001000
Convert 32c (base 13) to base 16.
221
a369 (base 12) to base 6
214213
Convert -1192 (base 15) to base 13.
-1916
Convert 1a43 (base 14) to base 13.
2225
4323 (base 6) to base 13
5ac
-880 (base 11) to base 9
-1403
Convert -132323 (base 4) to base 7.
-5525
-11fe (base 16) to base 10
-4606
-350 (base 8) to base 9
-277
Convert -1001021 (base 4) to base 10.
-4169
13736 (base 13) to base 16
8e1c
Convert -3343 (base 6) to base 10.
-783
-562 (base 9) to base 8
-715
Convert 2882 (base 11) to base 16.
e88
What is -30103302 (base 4) in base 10?
-50418
What is -4467 (base 12) in base 2?
-1110110001111
Convert -a2 (base 15) to base 14.
-ac
-7417 (base 14) to base 5
-1120023
What is -11230120 (base 4) in base 9?
-34881
Convert d17 (base 15) to base 13.
1459
Convert 10102021 (base 3) to base 8.
4673
What is -427 (base 11) in base 15?
-243
Convert 23e7 (base 15) to base 9.
11431
-90b (base 12) to base 13
-797
What is -1000220022 (base 3) in base 9?
-30808
1a7 (base 12) to base 13
17b
Convert 18 (base 16) to base 6.
40
-41 (base 9) to base 12
-31
What is 1023320 (base 4) in base 12?
2988
Convert -12111011 (base 3) to base 2.
-111110100000
Convert -eceb (base 15) to base 10.
-50171
Convert -340 (base 7) to base 3.
-20111
What is 7447 (base 11) in base 4?
2121330
Convert -14041 (base 6) to base 12.
-1321
Convert 221231 (base 5) to base 13.
3668
What is 9217 (base 10) in base 6?
110401
Convert 141145 (base 8) to base 16.
c265
Convert -63a (base 16) to base 15.
-714
Convert 71 (base 15) to base 7.
211
6458 (base 13) to base 2
11011001101011
-401b (base 12) to base 7
-26135
Convert 6343 (base 8) to base 13.
166a
b71 (base 12) to base 6
11421
-eb (base 16) to base 3
-22201
What is -15450 (base 6) in base 11?
-1a09
What is 22210012 (base 3) in base 10?
6404
What is 153 (base 9) in base 12?
a9
What is -113122 (base 7) in base 13?
-9319
-1101111011 (base 2) to base 7
-2412
What is 50223 (base 8) in base 7?
114065
-2341 (base 6) to base 11
-474
Convert 1051 (base 9) to base 15.
36a
What is -d71a (base 15) in base 13?
-17911
4305 (base 13) to base 3
110202110
110000100 (base 2) to base 3
112101
What is 28b8 (base 15) in base 9?
12862
-10000000100100 (base 2) to base 14
-2dda
What is -72 (base 14) in base 7?
-202
What is -2024 (base 6) in base 10?
-448
What is -213333 (base 6) in base 9?
-26153
1150 (base 9) to base 2
1101010111
What is 111025 (base 6) in base 3?
110202122
What is -1000010000 (base 2) in base 11?
-440
270 (base 15) to base 11
465
Convert 11723 (base 11) to base 12.
98b8
30023 (base 4) to base 13
47c
What is -110210210 (base 3) in base 13?
-4332
3a62 (base 12) to base 11
503a
Convert 1235 (base 6) to base 15.
15b
b13 (base 14) to base 10
2173
What is 45f (base 16) in base 6?
5103
-14424 (base 5) to base 14
-647
-1312 (base 10) to base 4
-110200
Convert -89d0 (base 14) to base 5.
-1231043
b545 (base 12) to base 5
1113111
What is 3510 (base 9) in base 7?
10404
-53301 (base 6) to base 12
-4231
623 (base 9) to base 8
773
-1031312 (base 4) to base 9
-6745
Convert 16905 (base 11) to base 4.
11302221
What is -1414 (base 10) in base 4?
-112012
Convert 4403 (base 6) to base 8.
1763
What is 106660 (base 7) in base 11?
13476
What is -6a92 (base 12) in base 10?
-11918
-200 (base 14) to base 6
-1452
259 (base 11) to base 16
132
40412 (base 5) to base 7
10413
Convert -10010001 (base 2) to base 3.
-12101
Convert 246 (base 13) to base 3.
112200
-1f5 (base 16) to base 6
-2153
-23121 (base 4) to base 5
-10404
What is 2024 (base 11) in base 14?
da0
What is -2020222 (base 3) in base 6?
-11342
23426 (base 11) to base 14
c455
Convert 4a3 (base 15) to base 13.
630
Convert 118a (base 13) to base 4.
212300
What is -35343 (base 9) in base 12?
-117b6
49765 (base 10) to base 4
30021211
Convert 124023 (base 7) to base 15.
6c33
Convert 192 (base 12) to base 5.
2004
33436 (base 9) to base 13
a16a
-14082 (base 11) to base 14
-7447
What is 11102 (base 3) in base 9?
142
What is -12323311 (base 4) in base 12?
-14531
-2436 (base 13) to base 10
-5115
What is 137d (base 16) in base 11?
3826
What is -4043310 (base 5) in base 14?
-19bd5
What is 1950 (base 10) in base 5?
30300
6cb5 (base 16) to base 7
144064
40406 (base 7) to base 3
111110012
Convert -70151 (base 9) to base 13.
-17c68
Convert -14000 (base 8) to base 16.
-1800
-103214 (base 5) to base 9
-4784
What is 236022 (base 7) in base 4?
22132023
What is 4132 (base 5) in base 2?
1000011110
What is -3ec (base 15) in base 4?
-32001
110320 (base 6) to base 5
243232
10001110 (base 2) to base 13
ac
14006 (bas